 r*z + 1964, 4*y = 7*y + z - 1469. List the prime factors of y.
2, 5, 7
Let b(q) = 51*q**2 - 36*q - 185. Let w be b(-7). Let a = -1537 + w. List the prime factors of a.
3, 7
Let l(v) = -v**3 + 8*v**2 + v + 21. Let q = -134 + 82. Let d = -45 - q. List the prime factors of l(d).
7, 11
Let d = 531 - 540. Let x(b) = -13*b**2 - 94*b - 73. Let v(m) = 9*m**2 + 63*m + 49. Let a(h) = 7*v(h) + 5*x(h). List the prime factors of a(d).
7, 11
Let m(w) = 2*w**2 - 9*w + 131. Let p be m(-18). Let j = -630 + p. List the prime factors of j.
311
Let k(i) = 4*i + 55. Let x be k(-13). Suppose x*h - 126 + 132 = 0. Let p(q) = -92*q + 8. What are the prime factors of p(h)?
2, 3
Let n(j) = -4*j + 4833. What are the prime factors of n(132)?
3, 5, 7, 41
Let g be 12/66 + (-20928)/33. Let l = 1037 + g. What are the prime factors of l?
13, 31
Let l(g) = -g**3 + 75*g**2 - 43*g + 1034. What are the prime factors of l(59)?
54193
Let b = 30992 + -14347. What are the prime factors of b?
5, 3329
Let w(g) = -g**2 - 2*g + 11. Let j be w(-4). Suppose d = j*t - 234, -2*d = 5*t + 4 - 405. What are the prime factors of t?
79
Let x(h) = h**2 + 10*h + 3. Let c(v) = -v + 1. Let q(z) = -2*c(z) + x(z). Let t be q(-12). What are the prime factors of (3/5 + t)/(6/135)?
2, 3
Let s be (6 + -14 - 3)*(6 + -111). Suppose 4*t - 3073 = -4*a - 693, 2*t = 5*a + s. What are the prime factors of t?
2, 5, 59
Suppose 3*y - 30384 - 19089 = -5*u, 3*y - 39582 = -4*u. List the prime factors of u.
3, 7, 157
Let j(m) = -2*m**3 - 15*m**2 + 6*m + 10. Suppose -96*s - 15 = -99*s. Suppose 0 = 5*b + 15, -2*h - 7 = -3*h + s*b. List the prime factors of j(h).
2, 13
Suppose -98564 = -4*m + 4*g, -33*m - 4*g = -38*m + 123197. List the prime factors of m.
3, 7, 17, 23
Let i be (-3 + 10/15)/(2/(-6)). Suppose 8 = i*v - 5*v. Suppose 0 = j + 5*l - 87, v*l = -2*j + j + 83. What are the prime factors of j?
67
Suppose y + b - 476 = 0, -3*b - 10 = -y + 478. Let x = y - 182. List the prime factors of x.
3, 11
Let v(a) be the first derivative of 10*a**3/3 + 23*a**2/2 - 40*a + 12. List the prime factors of v(7).
13, 47
Let y(w) = 10*w**2 + 22*w - 19. List the prime factors of y(11).
1433
Suppose 13*x = 18*x + 8940. List the prime factors of 7 + -2*x/8.
2, 227
Let t(h) = h**3 - 70*h**2 + 205*h + 188. What are the prime factors of t(81)?
2, 23, 967
Suppose -4*i - 8 = -4*d - 32, -20 = 5*d - 3*i. Let l(k) = 1371*k**2 + 46*k + 45. What are the prime factors of l(d)?
2, 5, 137
Suppose 150684 = -314*k + 343*k. List the prime factors of k.
2, 3, 433
Suppose -563*g + 16249408 = -195*g. List the prime factors of g.
2, 7, 19, 83
Let s be 6/(-3) - 0 - -111. Suppose 8*r - 3*m + 33 = 10*r, -4*r = 2*m - 46. Let q = s + r. List the prime factors of q.
2, 59
Suppose -9*p + 4*p - 59248 = -4*o, 0 = -2*o + 2*p + 29626. What are the prime factors of o?
3, 11, 449
Let d(g) = g. Let v(q) = 20*q - 22. Let h(c) = c**2 + c - 21. Let n be h(-5). Let b(w) = n*v(w) - 4*d(w). What are the prime factors of b(-8)?
2, 107
Let t be -802 - 1*(8 + 0)/4. Let n = t - -1424. What are the prime factors of n?
2, 5, 31
Let v(u) = 1 - 5 + 176*u - 3 + 6. Let q(d) = -352*d + 1. Let f(z) = 2*q(z) + 5*v(z). List the prime factors of f(1).
173
Let f be 0 + 0 + (-28)/2. Let y(s) = 13*s**2 - 55*s + 31. Let i be y(5). What are the prime factors of f/(-42)*(i - 0)?
3
Suppose 2*d + 35 = 5*o, -5*d + 2*o - 25 = -2*d. List the prime factors of (190/(-25))/(-19) - 5513/d.
1103
Suppose 22*l + 56286 = 25*l + 3*v, -4*v = -l + 18797. List the prime factors of l.
137
List the prime factors of (8975 - 553)*((-2)/8)/((-1)/6).
3, 4211
Suppose -2*z + 5*z - 51 = 0. Suppose 20*b - z*b = 819. Let u = -127 + b. What are the prime factors of u?
2, 73
Suppose 7*i + 40 = 17*i. Suppose 2*g - 2*c - 22 = 0, -2*g - 5*c - i = -61. Suppose -g*n + 324 = -12*n. What are the prime factors of n?
3
Suppose 10*n + 63 = 7*n. Let x be (-131)/(-7) - -1 - 6/n. Suppose -4 = x*l - 22*l. List the prime factors of l.
2
Let p = 11569 + 17451. List the prime factors of p.
2, 5, 1451
List the prime factors of -132671*10/(-280)*8.
2, 11, 1723
Suppose -5*n + 1671*u = 1672*u - 21714, 3*u = 3*n - 13032. What are the prime factors of n?
43, 101
Suppose 0 = -t + 3*w - 2*w - 2, 4*w + 28 = -2*t. Let b be (0 - 1)/(3/t) + 213. Let v = -144 + b. What are the prime factors of v?
71
Let d(z) = -z**3 + z**2 - 2*z + 6005. Let j be d(0). Suppose 5*q - j = -5*i, -4*q + 0*q = 2*i - 2410. List the prime factors of 1/4 - i/(-12).
2, 5
Suppose -2*g + 5 + 15 = -3*f, -2*f = 3*g - 4. What are the prime factors of (-2807)/f + (-67)/(-268)?
2, 3, 13
Let r = -33 - -38. Suppose y - 5*y + 12 = 0, -r*d + 2*y = 1. List the prime factors of (52 + 1)/(-4 + (6 - d)).
53
Suppose 6*x + 20 = -52. Let w(b) = -6*b - 72. Let c be w(x). Suppose c = 4*v + 5*i - 4*i - 893, -4*v - 4*i + 896 = 0. What are the prime factors of v?
223
Let h(g) = 34*g**2 + 4*g + 71. What are the prime factors of h(-10)?
47, 73
Let u(x) = -11*x**2 - 10*x - 14. Let g(f) = -5*f**2 - 5*f - 7. Let n(w) = -9*g(w) + 4*u(w). Let p be n(-10). Suppose -p - 7 = -s. List the prime factors of s.
2
Let r(f) = 19*f - 8. Let l be 1/(3 - 4)*(-33 - 1). Suppose 0 = -27*i + l*i - 35. What are the prime factors of r(i)?
3, 29
Let f be -4 - 1 - -9 - 65. Let u(k) = k**2 - k - 3. Let x be u(-2). Let r = x - f. What are the prime factors of r?
2
Suppose 3*u = -3*l + 6261, -u = 8*l - 3*l - 2099. Let r = u - 1137. What are the prime factors of r?
947
Let f(k) = 10*k**2 + 27*k + 40. Suppose 36*q - 48 = 40*q. What are the prime factors of f(q)?
2, 17
Let c(m) be the first derivative of 61*m**3/3 - 3*m**2/2 - 16*m - 5. List the prime factors of c(-3).
2, 271
Suppose q + 3*q = -300. Let n be (-69846)/(-462) - 4/22. Let o = n + q. What are the prime factors of o?
2, 19
Suppose 2*j + 4*p - 88276 = 0, 2*j - 88282 = 17*p - 18*p. List the prime factors of j.
2, 3, 7, 1051
Let t(j) = -j**2 - 11*j - 6. Let q be t(-10). Suppose q*g = -s + 52, -3*s = 4*g - 6*s - 68. Let w = g - -7. List the prime factors of w.
3, 7
What are the prime factors of (13129 - 1) + 1 + 644/(-161)?
3, 5, 7
Let y = -95 - -692. List the prime factors of y.
3, 199
Let d = 236 - 214. Let a = 186 - d. List the prime factors of a.
2, 41
Let x = -486 - -486. Suppose x = 3*m - 2003 - 283. What are the prime factors of m?
2, 3, 127
Suppose -2*r + 0 + 10 = 0. Suppose 2*n + 0 = -2*m + 4, r*m - 5*n - 40 = 0. Suppose 0 = -m*q + 593 + 172. What are the prime factors of q?
3, 17
What are the prime factors of ((-21)/2)/(49/82376*42/(-49))?
2, 7, 1471
Suppose 4*l + 84 = -264. Let w = l + 72. What are the prime factors of 1422/10 + 48/w + 3?
2, 71
Suppose 33 = 5*y - 4*b, -1 = -2*b + 5. Suppose 1828 - 10 = y*u. What are the prime factors of u?
2, 101
What are the prime factors of (-7906 - 30/(-5))/((-1)/8)?
2, 5, 79
Suppose 2*q - 102 = 12. Let n = q - 52. Suppose -n*x - 4*d + 405 = -2*d, -4*x + 5*d = -357. What are the prime factors of x?
83
Suppose 0 = -b - 0*b + 464. Let n = -270 + b. List the prime factors of n.
2, 97
Let w(i) = i**3 - 5*i**2 + 4*i + 3. Let k be w(4). Let a(s) = 4*s**2 - s**2 - 14*s + 4*s - 4*s**2 - k. List the prime factors of a(-9).
2, 3
Suppose 5*f = -5*y + 75, 4*f - 2*y - 32 = 22. Suppose 0 = -2*n - f - 0. List the prime factors of 194 - (n + 6)/((-1)/(-3)).
197
Let m = 14637 - -3910. List the prime factors of m.
17, 1091
Suppose 36*r - 6 = 34*r. List the prime factors of (r - 4)*(-980)/7*11.
2, 5, 7, 11
Let h = -8684 + 18032. List the prime factors of (-9)/36 + h/16 - 5.
3, 193
Let v(i) = 74*i**2 - 242*i + 59. What are the prime factors of v(-17)?
61, 419
Suppose -i = -5*i + 49*i - 239265. What are the prime factors of i?
13, 409
Let s(j) = j**2 + 17*j - 20. Suppose -3*r - n - 62 = 0, -5*r - 104 = -n - 6. Let y be s(r). Suppose -2*q + y = 12. List the prime factors of q.
2, 7
Let h be 2853/39 - (-2)/(-13). Let i = h + 129. What are the prime factors of i?
2, 101
Suppose 9*n - 8 = n. Let i be n*(-5 + 8 - 4). List the prime factors of (2 - 144/10)/(i/5).
2, 31
Let u(r) = 3*r**2 - 8*r - 3. Let o be u(-5). Let f be 16048/o - 2/7. Suppose f = 4*a - y, 2*y = 2*a - 26 - 44. What are the prime factors of a?
2, 3
Let w = 18492 - 4555. List the prime factors of w.
7, 11, 181
Let c(w) = -35*w**3 - 2*w**2 - 37*w - 8. List the prime factors of c(-4).
2, 587